Let u = -437 + y. What is the remainder when 100 is divided by u?
12
Let p(u) = -58*u**3 + 14*u + 2 + 59*u**3 - 24 - 14*u**2. Let m be p(13). Calculate the remainder when (-7 - m) + 97/1 is divided by 34.
31
Let a(s) = 264*s**2 + 64*s - 2. Calculate the remainder when 1195 is divided by a(1).
217
Suppose 12*k + 5*q + 10662 - 216450 = 0, -q + 51447 = 3*k. What is the remainder when k is divided by 98?
97
Let m = -124 - -130. Calculate the remainder when -18*(m/(-27))/(6/180) is divided by 31.
27
Let w = 190 + -176. Let i(x) = -x**2 + 13*x + 26. What is the remainder when 30 is divided by i(w)?
6
Let c(v) = -42*v - 86. Suppose 147*x + 12 = 144*x. Let q = 38 - 21. What is the remainder when c(x) is divided by q?
14
Let o be ((-4)/(-6))/(6/27). Suppose 7*m + 176 = o*m. Let s = 55 + m. What is the remainder when 43 is divided by s?
10
Suppose -36 = 2*g - 42. Suppose 367 = g*m + m + 5*s, -m + 5*s + 123 = 0. Suppose 0*z + 2*z = m. What is the remainder when z is divided by 11?
5
Let o = -261 + 169. Let f = o + 243. Suppose -3*v + 102 = -v. Calculate the remainder when f is divided by v.
49
Let q(l) = 112*l + 780. Calculate the remainder when q(7) is divided by 391.
0
Suppose 33*b - 271 - 122 - 2742 = 0. What is the remainder when 1 + 0 - (-174 + -1) is divided by b?
81
Let t(w) = 99*w - 615. What is the remainder when t(8) is divided by 55?
12
Let g(h) = 10*h**2 - 7*h - 15. Suppose 11*b - 260 - 213 = 0. What is the remainder when g(4) is divided by b?
31
Suppose -33 = -y - 2*o, 2*o - 132 = 4*y - 8*y. Let q = -12142 - -12272. What is the remainder when q is divided by y?
31
Suppose 62*z + 65*z - 32*z = 4275. Calculate the remainder when 905 is divided by z.
5
Let h = -8257 + 12295. What is the remainder when h is divided by 238?
230
Let q(r) = -6*r**3 + 4*r**2 + 5*r + 2. What is the remainder when q(-3) is divided by ((-540)/(-63))/(-6*(-3)/126)?
5
Let g(u) = -3*u**2 + 4*u + 14. Let m(a) = 3*a**2 - 4*a - 14. Let j(y) = -5*g(y) - 4*m(y). What is the remainder when j(5) is divided by 23?
18
Suppose z + 16 = 9*z. Suppose 4*q - 3*n = z*n + 27, -16 = -2*q + 2*n. Calculate the remainder when q is divided by 11.
2
Let s(x) = 10*x - 10*x - 9 + 18*x. Suppose -3*d + 7 = 1. Calculate the remainder when s(d) is divided by 16.
11
Suppose 577*h + 6201 = 694*h. What is the remainder when 376 is divided by h?
5
Let a(h) = -h**2 + 7*h - 12. Let l be a(3). Suppose l = 2*x - 11 - 19. Calculate the remainder when (-2)/(-10) - (-72)/x is divided by 4.
1
Suppose -79*d - 4318 = -91*d - 115*d. Suppose -a + 18 = -0*a. What is the remainder when d is divided by ((-42)/9)/((-4)/a)?
13
Let i = 498 + -483. Calculate the remainder when 268 is divided by (10/i)/((-2)/(-48)).
12
Suppose 6 = 2*o + 2. Suppose -201 = -o*b - b. Suppose -y - 2*j = 0, 6*j - 5*j = -4*y + 35. What is the remainder when b is divided by y?
7
Suppose -243 = -76*c + 67*c. Suppose -2*v = 4*o - 124, -121 + 6 = -3*o + 4*v. Let f = o + -22. Calculate the remainder when c is divided by f.
5
Let u be ((-8778)/95)/((12/10)/(-3)). Suppose -2*h + 5*h - 924 = -4*r, -r + h + u = 0. What is the remainder when r is divided by 58?
57
Let i(j) = 131*j**2 + 200*j + 4. What is the remainder when i(-3) is divided by 60?
43
Let n = -36 - -108. Let i = -115124 - -115136. Calculate the remainder when n is divided by i.
0
Let l = 41455 - 41425. Let h(v) = 142*v**2 - v. What is the remainder when h(-1) is divided by l?
23
Suppose 12150 = 59*i - 68*i. Let b = -538 - i. What is the remainder when b is divided by 37?
35
Let d be 35/(-3)*24/(-20). Suppose d*v - 1222 = -200. What is the remainder when v is divided by 32?
9
Let w(g) = -g**3 - 4*g**2 - 3*g + 6. What is the remainder when 264 is divided by w(-5)?
34
Suppose 9000 = -7220*h + 7310*h. Let m(z) = 98*z + 2. Calculate the remainder when m(3) is divided by h.
96
Let m(o) = o**3 + 6*o**2 - 3*o + 2. Suppose 5*g + 98 - 5 = 3*r, -r - g = -23. What is the remainder when 78 + 13/(r/(-4)) is divided by m(-6)?
16
Suppose -5*k + 636 = -w, -3*k - 6*w + 380 = -5*w. Calculate the remainder when k is divided by 9.
1
Suppose i = 5*b - 2368, 11*b - 3*i + 1921 = 15*b. Suppose 4*s - 43 - 13 = 0. What is the remainder when b is divided by s?
13
Let g(m) = 40*m + 907. What is the remainder when g(7) is divided by 297?
296
Let b(q) = 7*q**2 - 12*q + 39. Let l(a) = -2*a**2 - 1. Let g(v) = b(v) + 3*l(v). Calculate the remainder when g(8) is divided by 2.
0
Suppose 5*k + 4*b = 550, -5*k = 11*b - 6*b - 550. Suppose -34*t = -21*t - 325. Calculate the remainder when k is divided by t.
10
Let d be 6/(-6)*(1 - 25/5). Suppose 7*b + 190 = 10*b - 4*n, -5*b + 322 = -d*n. Calculate the remainder when b is divided by 35.
31
Let w = -52 + 58. Suppose -2*q - 4 = -w. Let a(s) = 3*s**3 - s**2 + 1. What is the remainder when 7 is divided by a(q)?
1
Suppose 9*i = m + 5*i + 21, 3*m - i + 96 = 0. Let c = 28 - m. What is the remainder when c is divided by 16?
13
Suppose 0 = 358*h - 366*h + 1248. What is the remainder when 7796 is divided by h?
152
What is the remainder when (-749896)/(-1666) + (-4)/34 is divided by 65?
60
Suppose 0 = -4*l + 4*w + 776, l + 25*w - 27*w = 195. Suppose 8*t - 369 = -l. Calculate the remainder when 27 is divided by t.
5
Let o = -86 - 479. Let j = 579 + o. Calculate the remainder when 38 is divided by j.
10
Suppose 876 = 5*v + 7*v. Let r = 129 - v. What is the remainder when 105 is divided by r?
49
Suppose 0 = x - 3*b - 172, -3*x + 3*b = 2*x - 836. Let k = 13 + 11. What is the remainder when x is divided by k?
22
Suppose 27*b - 628 - 3557 = 0. Calculate the remainder when b is divided by 13.
12
Let u(q) be the first derivative of q**3/3 + 3*q**2 + 16*q - 327. Calculate the remainder when u(-12) is divided by 34.
20
Calculate the remainder when (2/((-8)/(-908)))/(28/56) is divided by 160.
134
Suppose -4*t - 81 + 117 = -4*d, -3*t + 25 = -2*d. Suppose 2*p + 5*o = 9, 37*p + o = 34*p + t. Calculate the remainder when 14 is divided by p.
0
Suppose -2*h = -8, -12 = -3*v - 14*h + 11*h. Suppose 5*g = 5*s - 120, v = -s + 6*g - 8*g + 9. What is the remainder when s is divided by 7?
5
Suppose j = -4*l + 82 - 11, -l + 14 = j. Let d(m) be the third derivative of m**4/6 + 9*m**3 - 2*m**2 + 38*m. What is the remainder when d(l) is divided by 19?
16
Let i be ((-23)/(-4) + 0)/((-3)/(-12)). Let c = -16 + i. Let j(s) = s**3 - 7*s**2 + 3*s + 6. Calculate the remainder when j(c) is divided by 5.
2
Suppose 0 = -22*r + 686 + 84. Suppose -992 = 27*x - r*x. What is the remainder when x is divided by 42?
40
Let n = 84 + -342. What is the remainder when (46/(-4))/(43/n) is divided by 18?
15
Suppose 10*p - 9*p = -4, -2*c + 5*p + 36 = 0. What is the remainder when 143 is divided by c?
7
What is the remainder when 281 is divided by -15*(-26)/(-2*(-11)/((-22)/(-6)))?
21
Let y = -29837 + 30096. Calculate the remainder when 727 is divided by y.
209
Calculate the remainder when 679 is divided by 2 + (-22)/10 + (-60588)/(-90) + -30.
36
Suppose 2*x = 2*j + 14284, -4*j = -502*x + 504*x - 14338. Calculate the remainder when x is divided by 73.
70
Let v = -9399 - -9417. Calculate the remainder when 2267 is divided by v.
17
Suppose -g + 25 + 67 = 0. Let n be ((-50)/(-3))/(16/(-48)). Let w = g + n. What is the remainder when 166 is divided by w?
40
Let n(f) = -f**2 - f - 12. Let j be n(10). Let x = -71 - j. Suppose -3*b + 12 + x = 0. What is the remainder when 39 is divided by b?
18
Suppose -2*g - 15 = 25. Let b = g + -49. Let w = b - -103. What is the remainder when w is divided by 7?
6
Suppose -4*u + 4*p = -644, 0 = 19*u - 14*u - 3*p - 811. Calculate the remainder when 655 is divided by u.
163
What is the remainder when 660 is divided by (3 - -3)/12 - 6095/(-46)?
128
Suppose 5*f + 67 = r, -5*r + 197 = -2*f - 92. Calculate the remainder when 789 is divided by r.
48
Suppose 3*a = -31*a + 136. Calculate the remainder when 9 is divided by (-2 - -14)*a/16.
0
Suppose 0 = -8*x + 653 + 123. Calculate the remainder when 2322 is divided by x.
91
Let j be (2 - -55)*(3 - 2). Suppose -5*c + j = x, -3*c - 40 = 3*x - 151. Calculate the remainder when x is divided by 12.
8
What is the remainder when (-1229950)/(-750) + (24/60 - (-2)/(-6)) is divided by 239?
206
Let w = 3529 + -3226. What is the remainder when w is divided by 72?
15
Suppose -r + 9 